2 (base 9) in base 13?
b021
Convert 10a5 (base 11) to base 15.
666
-13bac (base 15) to base 5
-4012022
What is 117 (base 16) in base 11?
234
Convert 21110 (base 3) to base 7.
405
What is 75b (base 14) in base 9?
1884
Convert -5d98 (base 15) to base 6.
-232155
Convert -31223 (base 4) to base 14.
-467
-110 (base 5) to base 11
-28
Convert -32503 (base 7) to base 6.
-101401
Convert -13034 (base 7) to base 8.
-6577
What is 25215 (base 6) in base 9?
5132
872 (base 9) to base 5
10323
Convert 356406 (base 7) to base 11.
44666
What is -778 (base 16) in base 6?
-12504
2323 (base 10) to base 8
4423
Convert 4113 (base 10) to base 13.
1b45
Convert 11151 (base 7) to base 3.
10212210
-6212 (base 12) to base 7
-43052
Convert -2531 (base 6) to base 3.
-212101
-10350 (base 6) to base 4
-112122
Convert 22010020 (base 3) to base 10.
5919
Convert -b0b (base 13) to base 12.
-10ba
What is -141023 (base 5) in base 13?
-2814
What is -35142 (base 7) in base 16?
-2325
11022200 (base 4) to base 13
9821
Convert 1110120 (base 3) to base 9.
1416
Convert 637 (base 10) to base 6.
2541
755 (base 14) to base 5
21242
What is -10110110011101 (base 2) in base 6?
-130021
What is -444 (base 10) in base 8?
-674
Convert 166a (base 12) to base 14.
d90
Convert 1110010010010 (base 2) to base 10.
7314
544223 (base 6) to base 16
afd7
What is -70a2 (base 12) in base 13?
-573b
Convert 3ea (base 15) to base 11.
744
5c8 (base 14) to base 9
1524
What is 1454 (base 9) in base 3?
1111211
What is 118 (base 10) in base 3?
11101
Convert 4004 (base 7) to base 11.
1041
-1011020 (base 3) to base 10
-843
31324 (base 7) to base 10
7711
What is 1560 (base 7) in base 12?
446
-2321 (base 5) to base 10
-336
What is -1101001011000001 (base 2) in base 10?
-53953
7ba (base 14) to base 12
a80
70752 (base 8) to base 5
1413122
Convert 30201 (base 8) to base 2.
11000010000001
Convert 11111 (base 3) to base 12.
a1
Convert -687 (base 13) to base 2.
-10001100101
What is -3a4 (base 16) in base 12?
-658
What is 6217 (base 10) in base 15?
1c97
What is -20100 (base 3) in base 14?
-c3
What is -102 (base 12) in base 5?
-1041
What is -550 (base 10) in base 14?
-2b4
What is -2012222001 (base 3) in base 13?
-16b88
-10122021 (base 3) to base 7
-10510
-1331102 (base 4) to base 9
-11888
-10520 (base 8) to base 2
-1000101010000
1311131 (base 4) to base 14
2a4d
What is 1101100101001 (base 2) in base 6?
52105
-494 (base 16) to base 7
-3263
What is 2d (base 14) in base 8?
51
What is -155 (base 9) in base 8?
-203
What is 25a0 (base 13) in base 14?
1d57
249 (base 14) to base 8
711
-5b0 (base 16) to base 7
-4150
What is 34 (base 5) in base 14?
15
What is 205243 (base 6) in base 3?
211221200
1111021220 (base 3) to base 7
151431
-410 (base 10) to base 2
-110011010
-11917 (base 14) to base 4
-22133001
Convert 51223 (base 8) to base 13.
9811
What is 317 (base 8) in base 13?
12c
10111001000011 (base 2) to base 15
3798
What is -9847 (base 13) in base 8?
-51300
Convert 521 (base 7) to base 6.
1112
752 (base 13) to base 4
103202
Convert -333100 (base 4) to base 9.
-5487
What is -1d1 (base 15) in base 12?
-2b1
-23634 (base 12) to base 8
-134710
Convert -6b (base 15) to base 11.
-92
5ac6 (base 15) to base 2
100101101101111
Convert -2210120 (base 3) to base 11.
-1595
Convert 2000203 (base 4) to base 10.
8227
46424 (base 7) to base 9
17255
What is 3680 (base 10) in base 11?
2846
What is 433001 (base 5) in base 8?
34637
-2201212 (base 3) to base 4
-133022
What is 124 (base 16) in base 4?
10210
-20121021 (base 3) to base 14
-1a7b
2104 (base 5) to base 4
10113
Convert -72250 (base 10) to base 16.
-11a3a
What is -116 (base 8) in base 7?
-141
What is -1001000101 (base 2) in base 10?
-581
Convert -1237c (base 13) to base 4.
-20030131
What is -11000011011010 (base 2) in base 15?
-3a8b
3276 (base 9) to base 12
1496
What is -11111020 (base 3) in base 12?
-1a89
-1111110001101 (base 2) to base 15
-25d7
Convert -67a5 (base 11) to base 16.
-22f4
Convert -579 (base 15) to base 2.
-10011010111
What is 91a3 (base 11) in base 14?
4645
What is -2d77 (base 15) in base 5?
-303122
-b9a (base 12) to base 9
-2301
210415 (base 6) to base 15
5088
What is 1100210 (base 3) in base 16?
3e1
Convert 2317 (base 10) to base 14.
bb7
What is -341342 (base 5) in base 2?
-10111101000001
What is -5028 (base 11) in base 9?
-10147
What is -252 (base 15) in base 4?
-20033
Convert -11001001101 (base 2) to base 4.
-121031
Convert 312311 (base 5) to base 10.
10331
c0 (base 16) to base 12
140
Convert -31030 (base 5) to base 12.
-11bb
Convert -350 (base 13) to base 16.
-23c
Convert -18453 (base 9) to base 5.
-402030
633 (base 11) to base 6
3310
Convert 3456 (base 9) to base 16.
a02
32002 (base 6) to base 15
1432
-1640 (base 10) to base 12
-b48
What is -2365 (base 8) in base 9?
-1660
-53486 (base 9) to base 14
-cc82
Convert 1220220010 (base 3) to base 7.
215202
Convert -4244 (base 7) to base 3.
-2001122
1d8c (base 15) to base 8
14440
18405 (base 9) to base 15
3b82
14612 (base 7) to base 6
30512
Convert -7465 (base 9) to base 12.
-3212
What is 1757 (base 11) in base 10?
2240
What is -43100 (base 9) in base 12?
-14600
-111111011 (base 2) to base 6
-2203
Convert 203354 (base 7) to base 15.
a4be
6016 (base 10) to base 16
1780
What is 407 (base 16) in base 3?
1102012
What is -10284 (base 9) in base 6?
-51251
92 (base 11) to base 9
122
What is 136a2 (base 11) in base 8?
46020
What is 1023 (base 13) in base 12?
1356
-3142 (base 8) to base 7
-4523
-131 (base 5) to base 8
-51
-44014 (base 8) to base 9
-27263
-101110211 (base 4) to base 6
-1304245
Convert -125055 (base 7) to base 8.
-55504
What is 120121021 (base 3) in base 16?
2c6e
a159 (base 11) to base 12
7987
-11894 (base 10) to base 2
-10111001110110
Convert -12410 (base 6) to base 5.
-30003
105437 (base 8) to base 14
cd9d
What is 1977 (base 10) in base 3?
2201020
31031 (base 4) to base 3
1011022
-d18 (base 16) to base 11
-2578
Convert -4d (base 16) to base 3.
-2212
Convert 2060 (base 13) to base 16.
1178
What is -31a (base 12) in base 10?
-454
3b90 (base 12) to base 11
5191
-2051 (base 16) to base 8
-20121
Convert -2313241 (base 5) to base 8.
-121340
What is -25b2 (base 14) in base 2?
-1100111100000
Convert -201011022 (base 3) to base 4.
-3122033
1439 (base 11) to base 3
2112210
What is 1204303 (base 5) in base 8?
53665
Convert e58 (base 16) to base 13.
1896
Convert -6340 (base 9) to base 10.
-4653
2221032 (base 4) to base 15
3320
Convert -41622 (base 9) to base 14.
-a02b
What is 57563 (base 9) in base 8?
112742
Convert -4247 (base 10) to base 9.
-5738
-1dc (base 14) to base 16
-186
-3086 (base 9) to base 11
-177a
-3424 (base 10) to base 13
-1735
What is d7e (base 15) in base 5?
44134
What is 5412 (base 6) in base 11?
a20
-2204003 (base 5) to base 8
-112163
What is -120575 (base 8) in base 12?
-1bb11
-234335 (base 6) to base 10
-20435
What is 4d0c (base 14) in base 6?
142400
Convert -11130 (base 4) to base 11.
-297
Convert 1303 (base 5) to base 8.
313
-1040 (base 6) to base 8
-360
-110020100 (base 3) to base 6
-105143
What is -1273 (base 12) in base 3?
-2212220
What is 1610 (base 13) in base 9?
4372
What is -ab8 (base 12) in base 14?
-80c
Convert -84 (base 15) to base 7.
-235
Convert 4966 (base 15) to base 8.
36405
Convert -5601 (base 7) to base 3.
-2202110
Convert -31345 (base 12) to base 11.
-44445
100100100010 (base 2) to base 6
14454
Convert 17413 (base 14) to base 15.
124a0
Convert 1a4 (base 15) to base 11.
315
Convert -4b50 (base 16) to base 11.
-13538
What is -988 (base 16) in base 15?
-aca
Convert -101101 (base 3) to base 12.
-1b4
-540 (base 12) to base 6
-3320
1652 (base 9) to base 12
892
174 (base 13) to base 14
14c
Convert -66301 (base 7) to base 4.
-10003210
Convert -686 (base 14) to base 13.
-787
What is 526 (base 9) in base 7?
1152
What is -10010011011110 (base 2) in base 3?
-110221120
122120002 (base 3) to base 13
5a98
10212 (base 9) to base 5
203414
5591 (base 10) to base 16
15d7
1111322 (base 4) to base 15
1968
Convert 7ba (base 12) to base 7.
3232
Convert -122100 (base 3) to base 2.
-111010100
What is -518 (base 12) in base 2?
-1011100100
Convert -1102 (base 5) to base 9.
-178
Convert 5383 (base 12) to base 9.
13520
6538 (base 9) to base 3
20121022
10101000101 (base 2) to base 13
7ca
Convert 45251 (base 6) to base 4.
1203133